 be the first derivative of y**3/3 - 5*y**2 + 2*y + 26. What is w(k)?
-7
Let t(b) be the second derivative of -b**3/2 - 3*b**2/2 + 11*b. Let f(c) = -19*c - 19. Let a(r) = -6*f(r) + 39*t(r). Give a(-6).
15
Let l(q) = -4*q. Let f(x) = x**3 - 5*x**2 + 3*x. Let g be f(4). Let k(i) = -i**2 - 4*i + 7. Let c be k(-5). Let u be (2/g)/(1/c). What is l(u)?
4
Let c(x) be the first derivative of x**2/2 + 12*x - 1. Let k(y) = 2*y**3 + 6*y**2 - 17*y - 49. Let h be k(-4). Calculate c(h).
-1
Let y(d) be the first derivative of -20 + 1/2*d**2 - 9*d. What is y(10)?
1
Let v(u) = -u - 1. Let f be 1/(-6) - 31/(-6). Suppose -f*r = 2*g - 14, 0*r - 5*g = r - 12. What is v(r)?
-3
Let z be ((-6)/(-2) + -5)*-1. Let d(a) = a**3 - 4*a**2 + 2*a + 2. Calculate d(z).
-2
Let k be (-12)/(-16) + (-21)/(-4). Let i(f) = f**2 + k*f - 8*f + 0 - f + 3. Calculate i(3).
3
Let z(c) = 4*c - 10. Let b(y) = -3*y + 11. Let o(p) = 5*b(p) + 4*z(p). What is o(-19)?
-4
Let h(w) = -3*w**2 - 8*w - 8. Let o be (-3 - -2)/(6/42). Let f(b) = 10*b**2 + 24*b + 24. Suppose 2 = -x - 0*x. Let a(r) = o*h(r) + x*f(r). Determine a(-7).
1
Let t(s) = -s**3 - s**2 + 2*s + 2. Suppose -4*h + 52 = -0*h. Let r = h + 2. Let n be ((-2)/(-5))/((-3)/r). Give t(n).
2
Suppose g + 0*g - 15 = b, 0 = -g - b + 21. Let t(d) = -27*d - 16*d**2 + 1 + g*d + 10*d + 0. Calculate t(-1).
-16
Let a(i) = -4*i + 2. Let d(m) = -8*m + 16. Let o be d(3). Let f(s) = 11*s - 5. Let u(l) = o*a(l) - 3*f(l). Suppose 0 = r - 3*r - 2. What is u(r)?
0
Let n(j) = 3*j**3 - 20*j**2 - 10*j - 4. Let h(a) = 5*a**3 - 29*a**2 - 13*a - 6. Let f(x) = 5*h(x) - 8*n(x). Give f(-14).
-12
Let s(t) be the second derivative of -t**5/20 + 5*t**4/4 - 13*t**3/3 + 2*t**2 + 574*t. Determine s(13).
4
Let d(g) = -g. Let z(l) = 2 - 3*l - 9*l + 6*l. Let a(o) = -3*d(o) + z(o). What is a(-3)?
11
Let b be 27*(-9)/(-2 - 1). Let z = -79 + b. Let r(s) = -s. What is r(z)?
-2
Let m(d) = -d**2 - d + 11. Let y be m(3). Let i(c) = c**3 - c**2. Determine i(y).
-2
Let o(d) = -d**2 - 11*d - 8. Let p(z) = -2*z**3 - 5*z**2 + 16*z + 10. Let x be p(-4). What is o(x)?
22
Let v(t) = -t**3 - 7*t**2 - 6*t - 3. Let u be 4/((-8)/2 - -3). Let b(f) = -14*f**2 + f**3 + 33*f**2 + 6 - 15*f**2 + 3*f. Let y be b(u). Calculate v(y).
-3
Suppose 4*y + 33 = -0*y + 5*n, 5*y - n = -15. Let i(c) = 2*c**2 + c + 1. Calculate i(y).
7
Let p(z) = z**3 + z**2 - 4*z + 1. Let t(g) = -2*g**3 - 24*g**2 - 36*g + 37. Let v be t(-10). Determine p(v).
-5
Let t(x) be the first derivative of -1/3*x**3 - x - 3*x**2 + 2. Let b(d) = d**3 + d**2 - 41*d + 1. Let n be b(-7). Determine t(n).
-1
Let w(y) = -5 + 5484*y + y**2 - 5484*y. Calculate w(0).
-5
Let s(i) = i - 11. Let d(w) = -w**3 - 10*w**2 + 5. Let z be d(-10). Let r be s(z). Let n = -1 + r. Let p(k) = k + 6. Give p(n).
-1
Let t(n) = -n + 3. Let k = -196 - -196. Give t(k).
3
Let l(w) = 12*w + 7. Let p be l(0). Let a(k) = -k**2 + 6*k - 4. Calculate a(p).
-11
Let y(q) = -9*q + 181. Let p be y(21). Let o(a) = -4*a - 27. What is o(p)?
5
Let u(r) be the third derivative of 0 + 1/12*r**4 + 0*r + 4*r**2 - 1/6*r**3. Let t(f) = 5*f - 2. Let w(n) = 4*t(n) - 11*u(n). What is w(2)?
-1
Let j(v) = v**3 + 7*v**2 - 8*v + 1. Let w be (-1892)/14 + (-11)/(-77). Let a = 127 + w. Calculate j(a).
1
Suppose 5*z + 3*d = 68, -25*z + 4*d = -21*z - 48. Let g(o) = o**2 - 11*o - 3. Calculate g(z).
23
Let y(k) be the second derivative of k**3/6 - 13*k. Let g(i) = -4*i - 5. Let j(f) = -g(f) - y(f). Calculate j(-5).
-10
Let t(l) be the third derivative of -l**6/120 + l**5/10 - l**4/24 - 2*l**2. Let k(r) = 5*r + 6 - 2*r - 2*r. Let n be k(0). Give t(n).
-6
Suppose -5*t + 26 = 2*d, 6*d - 3*t = d + 3. Let r(p) = p. Let n = 4 + -3. Let z(v) = -6*v**3 + 2*v**2 - 3*v - 1. Let f(h) = d*r(h) + n*z(h). Determine f(-1).
7
Let w be (-9)/((-3)/(-1)) - -6. Let i(d) = 3*d - 3*d + d - w*d. Suppose -5*v = 1 - 11. Give i(v).
-4
Suppose 5*b = 61 - 11. Let n(o) = o**2 - 10*o. Give n(b).
0
Let u(l) = 15*l**2 + 15*l - 11. Let i(q) = 7*q**2 + 7*q - 5. Let f = 56 + -62. Let g(d) = f*u(d) + 13*i(d). Determine g(0).
1
Let n(r) = -r**3 - 3*r**2 + 2*r - 4. Let y be n(-4). Suppose -y*l = l + 5. Let c(t) = -3*t**2 - 2287*t - 1 + 1153*t + 1132*t. Give c(l).
-2
Let c(x) = x. Suppose 19 = 5*o - 11. Suppose -6*f + o = -8*f. What is c(f)?
-3
Let v(i) = -2*i - 2. Let j(x) = -x**3 + 9*x**2 + 23*x - 3. Let q be j(11). What is v(q)?
-18
Suppose -20 = -3*k + k. Suppose -o + 9 = 3*v, v + 4*o = 2*v + k. Let s(a) = 8*a - 10*a - 3 - v + 4. Calculate s(2).
-5
Suppose 23*f + 225 + 51 = 0. Let s(q) = q**3 + 12*q**2 + 3*q + 28. Determine s(f).
-8
Let a be 1/(-2) - (-28)/8. Let w be (-4)/(-3) - 2/(-3). Let p(r) = 6*r - 2 + r**2 - w*r - a. Determine p(-4).
-5
Suppose 5*r - 2*n = 5, r - 5*r + 3*n = 3. Suppose -r*j - 1 = -2*w, 3*j - j - 2*w = -4. Let l(k) = k**3 - 4*k**2 + k + 2. Calculate l(j).
-4
Let a(q) = -2*q**2 + q. Let k(l) = -2*l + 1. Let f be k(2). Let y(w) = -w + 3. Let t be y(f). Let o(m) = -m**3 + 7*m**2 - 7*m + 8. Let z be o(t). What is a(z)?
-6
Let b be (-6)/24 - (-1)/4. Let i(t) be the first derivative of 3 + 16*t + 1/2*t**2. Determine i(b).
16
Let w(l) = 4*l - 11. Let m(c) = 3*c - 10. Let g(k) = -3*m(k) + 2*w(k). Suppose 0 = -5*j + 20, -4 = -y - j - 0*j. Let s = y + 0. Determine g(s).
8
Let x(f) = 2*f - 16. Suppose -3*n + 14 + 22 = 0. Let v be x(n). Let p(c) = -c + 8. Give p(v).
0
Suppose -x + 4 = x. Let w be -1 + 1 - (1 - x). Let t(k) = -w - 2 - 5 + 3 - k. Give t(-4).
-1
Let c(o) = 2*o**2 - 5*o - 5. Let j(d) = -2*d - 3. Let y(q) = c(q) - 2*j(q). Let g(s) = s - 7. Let f be g(5). Calculate y(f).
11
Let g(t) = -12 + t + 43 - 11 - 19 - 5*t**2. Determine g(-1).
-5
Let b be 1/2 - 10/(-4). Let t(j) = -j**2 + 4 - j**2 - 2*j**2 + b*j**2 - 3*j. Give t(-4).
0
Suppose -14 = -3*x + 142. Let n = x - 54. Let b(o) = -o**2 - 3*o - 3. Calculate b(n).
-1
Let s(g) = 3*g**3 + 10*g**2 - g - 4. Let u(t) = 7*t**3 + 21*t**2 - 3*t - 11. Let q(l) = 5*s(l) - 2*u(l). What is q(-8)?
-6
Let f(x) = 1. Let a(n) = -n - 1. Let w(o) = -2*o - 5. Let m(t) = 2*a(t) + 2*w(t). Let c(s) = -12*f(s) - m(s). Suppose 4 = 2*q - 0*q. What is c(q)?
12
Let n = -20 + -14. Let r be n/(-4) + 3/6. Let h(i) = -4*i**2 + 9*i + 1. Let s(c) = 11*c**2 - 27*c - 3. Let d(b) = -8*h(b) - 3*s(b). Give d(r).
1
Let d(w) = -w - 7. Let q(f) = -f**3 - 4*f**2 + 3. Let g be q(-3). Let v(j) = j**3 + 7*j**2 + 5*j + 3. Let u be v(g). Suppose 11 = -4*a - u. Calculate d(a).
-2
Let w = -87 - 33. Let q = w + 116. Let a(y) = -y + 1. Give a(q).
5
Suppose -2*y + 2 = -4. Let a be y/(-2) - 81/(-6). Let j = -14 + a. Let d(s) = 2*s**3 + 3*s**2. Determine d(j).
-4
Let g be 6/(4/18 + (-63)/(-81)). Let f(b) = b + b - 13*b**2 - 3*b**3 + 19*b**2 + 2*b**3. Give f(g).
12
Let b(i) = 5 + 4*i + 11*i - 4 - 16*i. Suppose -3 = r + 2*r. Calculate b(r).
2
Let l = 44 - -9. Let w = l - 54. Let c(q) = 3*q**3 - 1 + 2*q**3 + 0. Determine c(w).
-6
Let k(v) = v**3 + 3*v**2 - 3*v - 4. Suppose 4*b - 191 = -3*j, 0 = 4*b + 2*j - 175 - 11. Suppose -45*m = -b*m + 4. Determine k(m).
-8
Let w(y) = -13*y + 8. Let k(g) = -4*g + 3. Let z(f) = -8*k(f) + 3*w(f). Suppose 2*v + v - 42 = 2*h, 2*v = 3*h + 68. Let u be (2/(-3))/((-16)/h). Determine z(u).
7
Suppose -5*o = -27 - 3. Let v(h) = -4 - 2*h - h**2 - o*h + h. Determine v(-6).
2
Let d(a) = -7*a - 5 - 9 - 60*a**2 + 58*a**2 + 20 - 8. What is d(-3)?
1
Let m(k) = 4 - 10 - 15*k + 16*k. Determine m(0).
-6
Let b(g) = 31 - 108 + 71 + g**3 + g. Give b(0).
-6
Let y(f) = 2*f**2 - 19*f - 6. Let w be y(10). Suppose -w*a + 0*m + 6 = m, 2*a - 5*m - 14 = 0. Let v(r) = r + 2. Determine v(a).
4
Let a be ((-4)/(-6))/((-24)/180) + 9. Let h(q) be the third derivative of -q**4/24 + 3*q**3/2 - 2*q**2. Give h(a).
5
Let n(j) = -j**2 - 7*j + 34. Let h be n(-10). Let c(b) be the first derivative of -6*b - 7/3*b**3 + 4*b**2 - 2 + 1/4*b**h. Calculate c(6).
6
Let b(d) = -d**2 + 8*d - 3. Let a(s) = s + 1. Let r(f) = f - 1. Let i(v) = a(v) + r(v). Let p be i(3). What is b(p)?
9
Let x(b) = 1 - b**2 - 41*b + 28*b - 2 + 20*b. Determine x(7).
-1
Let u(v) be the first derivative of 1/2*v**2 - 2/3*v**3 + 1 + 0*v. Let l(m) = 8*m**2 - 33*m + 5. Let p be l(4). Determine u(p).
-1
Let h(x) = 2*x**2. Let w be (-13)/(-7) - (-18)/126. Suppose 3 = w*o + o. What is h(o)?
2
Let c(d) = d**3 - 34*d**2 + d - 29. Suppose 18*u = 10*u + 272. Calculate c(u)